- 2*n, 6*n - n = 4*b - g. Is b composite?
False
Let u = -22553 - -36726. Is u prime?
True
Suppose -12*h + 39763 = 5*h. Let y = h - 682. Is y a composite number?
False
Suppose 3*b = y + 4*y - 355, -4*b = 5*y - 355. Let n = y + 48. Is n a prime number?
False
Let m(i) = -91*i**3 + i**2 + 6*i - 19. Is m(-5) a composite number?
False
Let i = 10 - 9. Suppose 1594 = g - 3*q, q + 2 = -i. Is g composite?
True
Is -4 + 6543 + -1 + -3 prime?
False
Let c = 70 + -46. Let o = c - 3. Suppose 0 = -5*a + 131 - o. Is a prime?
False
Let h be (8/10)/(5/(-200)*4). Is h/(-2) + 14 + -16 + 875 prime?
True
Let u be (-3)/12*-4*1259. Is u*-4*(-5)/20 prime?
True
Is (-5)/(-10) + (-43994)/(-4) a prime number?
False
Let b = 10030 - 5159. Is b prime?
True
Is (2 + 3/(-6))*1234720/48 composite?
True
Let u(y) be the second derivative of y**5/4 + y**4/4 - 11*y**3/3 - y**2/2 + 34*y. Is u(7) a prime number?
False
Suppose 0 = 26*q - 29*q + 75. Is (0 - -1203)/(15/q) a prime number?
False
Suppose 0 = -3*f + 243 + 1068. Is f composite?
True
Let n(g) = -g + 14. Let h be n(9). Let z(f) = 4*f**3 - 2*f**2 + 4*f - 3. Is z(h) prime?
True
Let f = 10 - 5. Suppose -f*y = -550 - 1005. Is y a composite number?
False
Suppose -m = -2*m + 3. Suppose m*y = 4 - 1. Suppose 198 = 4*q + 5*d, 3*d + 42 = q + y. Is q a composite number?
False
Let r = -37 + 37. Is 4/1 + 123 + r prime?
True
Let o(t) = -3 + 7 + 2 - 641*t - 1922*t. Is o(-1) prime?
False
Let j be 1131*(7 + -2)/15. Suppose 0 = -5*u + 20, -u = -4*a - 3*u + 8. Suppose p + a*p = j. Is p a composite number?
True
Let l be (-18)/15*-3*5. Let c = l - 40. Let f = c + 28. Is f a composite number?
True
Suppose -5*o + 8490 = 6*u - 11*u, 0 = o + 5*u - 1668. Is o a prime number?
True
Let n = 4856 - 3215. Let r = -844 + n. Is r prime?
True
Suppose -4*n = -h - 2165, -1625 = -n - 2*n + 2*h. Let d = -175 + n. Let t = d - -335. Is t composite?
False
Let m be (-37)/6 - 3/(-18). Let r(u) = u**3 + 5*u**2 - 7*u - 2. Let a be r(m). Suppose 0 = a*h + 105 - 997. Is h a prime number?
True
Let f = -153 - -59. Let y = f + 839. Is y a composite number?
True
Suppose 0*k + 22 = 2*k. Let p(f) = -f**3 + 12*f**2 - 9*f + 5. Let m(d) = d. Let j(b) = 6*m(b) - p(b). Is j(k) prime?
False
Let f = 122 + -118. Let t(d) = 2*d**3 + 3*d**2 + 9. Is t(f) a composite number?
True
Let a(q) = -q**2 + 5*q + 9. Let u be a(6). Suppose 0 = z - 3*r - u, 6*z - 3*z - r + 31 = 0. Is 4/(-24) + (-1526)/z a prime number?
True
Let p(b) = -b**2 - 8*b - 9. Suppose 1 = 3*v + x, 2*x + x + 15 = 0. Suppose v*f + 6 = f. Is p(f) a composite number?
False
Let o be 12/(-10)*(-210)/63. Suppose 0 = -2*k + o*k - 11714. Is k a prime number?
True
Is -2 - -1*38*(-13643)/(-14) a composite number?
True
Suppose 6338 = 2*s - 3*q, 5*s + 2*q + 0*q - 15807 = 0. Is s a prime number?
True
Suppose -80*k - 100567 = -99*k. Is k prime?
False
Let a(x) = -6*x + 6. Let h(i) = -2*i + 2. Let r(v) = 6*a(v) - 17*h(v). Is r(-6) prime?
False
Let c be 5*(2/(-6))/(20/(-1116)). Suppose c = 4*i - i. Is i a composite number?
False
Let q(w) = -w + 4. Let m be q(0). Let o(h) = 3*h**3 + 4*h + 4. Let s be o(m). Suppose -s = -x + 2*k + 3*k, -2*x = -k - 379. Is x a composite number?
True
Let b(u) = u**3 + 3*u - 4. Suppose f - 8 = -0*f. Let q be b(f). Suppose -t + 5*t - q = 0. Is t a prime number?
False
Let p(m) = -804*m - 20. Let x be p(2). Let s = 3099 + x. Is s prime?
True
Suppose 0 - 5 = -s. Suppose -s*m = -181 - 534. Is m a prime number?
False
Let u(s) = 45*s - 32. Let w be u(17). Suppose w = 2*c + k - 531, 2*k - 1895 = -3*c. Is c a prime number?
False
Suppose n + 2 = -2*c, 0*n - 13 = -4*n - c. Let x = n - 1. Suppose 0 = -2*w + x + 71. Is w a composite number?
False
Let g be (-144)/20 + 1/5. Let m = g + 14. Suppose -m*d + 2095 = -2*d. Is d composite?
False
Suppose 0 = 5*g - 54999 - 49366. Is g a prime number?
True
Let p = 16 + -11. Suppose -p*x - 23 = -118. Suppose x = q - 0*q. Is q a prime number?
True
Suppose 12784 + 1791 = r + 4*u, 2*r - 29164 = -u. Is r a composite number?
True
Suppose -3*y - y = -6216. Let o = y - 754. Suppose o = 5*i + k, 5*i = 4*i - 4*k + 141. Is i composite?
True
Suppose -7*i + 4*i = 4*q + 2922, 4*i - 5*q = -3896. Is (i/(-6))/((-4)/(-12)) a prime number?
True
Suppose -4*h = 33*l - 28*l - 122909, 5*l = -h + 30746. Is h a prime number?
False
Let l(g) = 245*g**2 - 4*g + 31. Is l(-4) prime?
True
Suppose 5 = -d + 2*o, 4*o = -0*o + 12. Let y be -3544 + 2 + -2 - d. Is (y/15)/((-2)/6) a prime number?
True
Let h(v) = 210*v**2 + 3*v + 2. Let q be 4*1 + -8 + 3. Let n be h(q). Is 0 + (-4)/(-4)*n a prime number?
False
Suppose 45 = 5*m + 5*v, m + 7*v - 4*v = 19. Suppose -u - m = -1897. Is u a prime number?
False
Let u(l) = -l**3 + 8*l**2 - 6*l. Let b be u(7). Suppose 6 = -y + b. Let z(r) = 188*r + 3. Is z(y) composite?
False
Let z(u) = -u**3 + 3*u**2 + 5*u + 24. Let i be z(5). Is -1*((-2303 - 5) + i) composite?
False
Let h(r) be the first derivative of -19*r**3/3 + r**2/2 - 2*r - 1. Let k be h(2). Let b = -54 - k. Is b prime?
False
Let h(a) be the first derivative of 0*a + 5/3*a**3 - 3*a**2 - 4. Is h(7) prime?
False
Let d(z) = 4*z - 42. Let f be d(11). Suppose 0 = -3*w + f*b + 1261, 782 + 884 = 4*w + 5*b. Is w composite?
False
Let o = 5 + -13. Let h(w) = -1 - 17*w + 4 + 3*w - 11*w. Is h(o) composite?
True
Suppose -3*i + 3*t + 17727 = 0, 3*t - 30971 = -5*i - 1410. Is i a prime number?
False
Suppose 5*x = 44 - 4. Let n be x + (-6)/(-4)*-2. Is (314/(-6))/(n/(-15)) a prime number?
True
Let n be (1 + 4)*(4 - 3)/1. Is n/(25/3173) - (-4)/10 composite?
True
Let b = 1009 + -678. Is b a composite number?
False
Is -2*(8 - 11295/10) a prime number?
True
Let f be ((-658)/(-35))/(-2*(-2)/(-40)). Let j = f - -451. Is j a prime number?
True
Suppose 0 = -5*l + 3*m - 12, -4*m = l - 2*m - 8. Let w(y) = y**2 + y - 2. Let x be w(l). Is (-3 - (x + -20))*29 a composite number?
True
Let a be ((-2)/(-2) + 0)*-102. Let p = 24 - 20. Let k = p - a. Is k composite?
True
Let v = 8208 + -4999. Let c = -1236 + v. Is c a composite number?
False
Suppose 2709 = i - 5*a, 10836 = 4*i - 2*a + 5*a. Suppose 0 = 4*y - 1511 - i. Is y a composite number?
True
Let b = 22647 + -15842. Is b a composite number?
True
Let q(h) = 6389*h**3 + 3*h**2 - 3*h. Is q(1) prime?
True
Let q be (33/11)/((-3)/34). Let w = 376 - 263. Let d = w + q. Is d a composite number?
False
Let c(s) = s**3 + 7*s**2 + 6*s + 2. Let p be c(-6). Suppose -g + 5*g = 12, 2*g - 12 = -p*r. Suppose y = -4*j + 111, r*j = -y + 81 + 34. Is y a prime number?
True
Let m(z) = -z**3 - 9*z**2 + 21*z + 1. Let f be m(-11). Suppose 3*k + 2*s - f = 0, 5*k = -2*s + 6 + 14. Suppose 0 = k*p - 68 - 16. Is p a composite number?
True
Let l(z) = 415*z**3 - 2*z**2 - 6*z + 3. Let m(g) = 207*g**3 - g**2 - 3*g + 2. Let x(i) = -4*l(i) + 7*m(i). Is x(-1) a prime number?
True
Suppose 0 = 4*f - 2*f - 384. Let l = 10 + f. Is l composite?
True
Let h be (18/(-8))/((-27)/(-72)). Let m = h - -9. Suppose -35 = -w + 3*x, w - 35 = x + m*x. Is w a prime number?
False
Let g be ((-6)/(-9))/((-10)/(-45)). Suppose g*w - 5*w + 8 = 0. Suppose -351 - 533 = -w*l. Is l a composite number?
True
Let z(y) = 6*y**2 + 91*y + 21. Is z(-40) a prime number?
True
Let s(h) = -1580*h + 17. Is s(-1) prime?
True
Let c(j) = 22176*j**2 - 15*j - 14. Is c(-1) a composite number?
True
Suppose -6*m + 844 + 2282 = 0. Is m prime?
True
Let u(w) = w**3 + 3*w**2 + w - 1. Let x be u(-2). Suppose -d + x = -4, -2*f + d + 9 = 0. Is 2 + 49 + (5 - f) prime?
False
Let l(j) = -2*j + 5715. Let w be l(0). Is (w + -1)*(-6 + 2)/(-8) prime?
True
Let r(i) = i**2 - 2*i + 7. Suppose -3 = w - 2*w. Is r(w) prime?
False
Suppose 0 = 5*a - 4*s - 32, -a + 2*a = 3*s + 13. Is a/(-6) - (-19758)/18 a prime number?
True
Let k(v) = -v**3 - 4*v**2 + 5*v - 1. Let f be k(-4). Let g = 5 - f. Suppose 2*s - g = 3*r - 8*r, -12 = -r + 3*s. Is r a composite number?
True
Let o be 325/(-35) + 6/21. Let m(y) = -7*y - 8*y - 6*y**2 - 13 - 2*y**2 + 14*y - y**3. Is m(o) prime?
False
Let b(p) = 9*p**3 + 27*p**2 + 11*p - 9. Let m(n) = 4*n**3 + 13*n**2 + 6*n - 4. Let g(o) = -3*b(o) + 7*m(o). Let i be g(-9). Is (i/(-3))/(1/102) a prime number?
False
Let u = 62 - 11. Let z = 71 - u. Is z/6*138/4 a composite number?
True
Is 1*(-1840445)/(-95) - 10/95 prime?
True
Let g(v) = v**3 - v**2 - v - 12. Let k be g(0). Let p be ((-296)/k)/(2/15)